25
Calculate the highest common factor of 89 and 46369.
89
Calculate the highest common factor of 76 and 836.
76
Calculate the greatest common divisor of 1150 and 92.
46
Calculate the highest common divisor of 1872 and 572.
52
What is the greatest common divisor of 172 and 96148?
172
What is the highest common divisor of 3723 and 51?
51
What is the highest common divisor of 742 and 14?
14
What is the greatest common divisor of 150 and 375?
75
What is the highest common factor of 1360 and 255?
85
What is the highest common divisor of 218 and 4033?
109
What is the highest common factor of 408 and 374?
34
What is the highest common factor of 124 and 4464?
124
What is the greatest common factor of 132 and 1536?
12
What is the greatest common factor of 12 and 55452?
12
What is the highest common divisor of 99 and 66?
33
Calculate the highest common factor of 80 and 15.
5
What is the greatest common factor of 363 and 93?
3
What is the highest common divisor of 66 and 1749?
33
What is the highest common divisor of 2320 and 480?
80
What is the highest common divisor of 205 and 8?
1
What is the highest common divisor of 368 and 16?
16
What is the highest common factor of 340 and 20?
20
Calculate the highest common divisor of 36 and 576.
36
What is the highest common divisor of 116 and 261?
29
Calculate the greatest common factor of 1127 and 14.
7
What is the greatest common divisor of 418 and 44?
22
Calculate the greatest common factor of 13 and 5317.
13
What is the greatest common factor of 280 and 2660?
140
Calculate the highest common divisor of 1880 and 11045.
235
What is the greatest common divisor of 795 and 30?
15
What is the greatest common divisor of 99 and 7029?
99
What is the greatest common divisor of 19 and 2755?
19
What is the greatest common factor of 45 and 288?
9
Calculate the greatest common divisor of 4648 and 280.
56
What is the greatest common divisor of 4137 and 84?
21
What is the highest common factor of 11 and 165?
11
What is the highest common factor of 522 and 342?
18
Calculate the greatest common divisor of 9 and 747.
9
Calculate the greatest common divisor of 15 and 85.
5
What is the highest common factor of 107 and 107?
107
What is the greatest common factor of 260 and 140?
20
Calculate the greatest common divisor of 16 and 4112.
16
What is the highest common factor of 19 and 8?
1
What is the greatest common factor of 1590 and 150?
30
Calculate the greatest common divisor of 171 and 15219.
171
What is the greatest common factor of 36 and 576?
36
Calculate the highest common divisor of 20 and 5.
5
What is the greatest common factor of 12 and 2676?
12
Calculate the greatest common divisor of 700 and 1260.
140
What is the highest common factor of 20 and 90?
10
Calculate the greatest common factor of 9359 and 49.
49
What is the greatest common factor of 70 and 6566?
14
What is the highest common factor of 1147 and 2480?
31
What is the greatest common divisor of 84 and 98?
14
What is the greatest common factor of 248 and 5642?
62
Calculate the greatest common divisor of 34 and 35785.
17
Calculate the highest common divisor of 2714 and 46.
46
What is the highest common divisor of 2183 and 703?
37
What is the highest common divisor of 63 and 81?
9
Calculate the highest common factor of 20678 and 147.
49
What is the highest common divisor of 203 and 11977?
203
Calculate the highest common factor of 96 and 30.
6
Calculate the highest common factor of 180 and 140.
20
Calculate the greatest common factor of 4097 and 17.
17
Calculate the greatest common divisor of 130 and 1885.
65
Calculate the highest common divisor of 85 and 1105.
85
Calculate the highest common divisor of 62 and 992.
62
What is the highest common divisor of 279 and 11?
1
What is the highest common factor of 181 and 16290?
181
Calculate the greatest common divisor of 18689 and 11.
11
What is the highest common divisor of 5 and 2005?
5
What is the greatest common divisor of 224 and 392?
56
What is the highest common divisor of 55 and 407?
11
Calculate the greatest common factor of 55 and 15125.
55
What is the greatest common factor of 121 and 1221?
11
What is the greatest common factor of 437 and 46?
23
Calculate the highest common factor of 3 and 2295.
3
Calculate the highest common factor of 54 and 24642.
18
What is the greatest common factor of 696 and 192?
24
Calculate the highest common factor of 704 and 484.
44
What is the highest common divisor of 7191 and 153?
153
What is the greatest common divisor of 10 and 320?
10
Calculate the greatest common divisor of 216 and 243.
27
Calculate the highest common factor of 19 and 43.
1
What is the greatest common factor of 4212 and 182?
26
Calculate the greatest common divisor of 55 and 11.
11
Calculate the greatest common divisor of 80 and 2460.
20
Calculate the highest common divisor of 413 and 28.
7
Calculate the greatest common divisor of 28 and 63.
7
What is the highest common divisor of 231 and 4312?
77
What is the greatest common divisor of 160 and 544?
32
What is the greatest common divisor of 207 and 23?
23
What is the greatest common divisor of 621 and 162?
27
What is the highest common divisor of 240 and 5880?
120
What is the greatest common divisor of 2784 and 18?
6
What is the greatest common factor of 15 and 48?
3
Calculate the greatest common divisor of 204 and 1236.
12
Calculate the greatest common factor of 147 and 3402.
21
Calculate the greatest common divisor of 10769 and 121.
121
What is the greatest common divisor of 5685 and 30?
15
Calculate the greatest common divisor of 710 and 790.
10
What is the greatest common factor of 272 and 561?
17
What is the greatest common divisor of 12 and 204?
12
Calculate the highest common factor of 36 and 588.
12
Calculate the highest common factor of 8172 and 288.
36
Calculate the highest common factor of 42 and 4236.
6
Calculate the greatest common divisor of 536 and 670.
134
What is the greatest common divisor of 2 and 3732?
2
Calculate the greatest common divisor of 310 and 6.
2
Calculate the highest common divisor of 10722 and 12.
6
Calculate the greatest common factor of 274 and 53704.
274
Calculate the greatest common divisor of 9845 and 55.
55
What is the greatest common divisor of 102 and 170?
34
What is the highest common divisor of 834 and 3?
3
Calculate the greatest common divisor of 372 and 228.
12
Calculate the highest common factor of 22 and 1826.
22
Calculate the highest common divisor of 2492 and 1958.
178
What is the greatest common factor of 1314 and 14746?
146
Calculate the greatest common divisor of 84 and 3324.
12
Calculate the highest common divisor of 189 and 1107.
27
What is the greatest common factor of 66 and 242?
22
Calculate the greatest common divisor of 35400 and 48.
24
Calculate the highest common factor of 124 and 806.
62
Calculate the greatest common factor of 118 and 413.
59
What is the highest common factor of 329 and 94?
47
What is the greatest common factor of 66 and 726?
66
What is the greatest common factor of 75 and 120?
15
Calculate the greatest common factor of 9 and 333.
9
Calculate the highest common divisor of 3 and 2694.
3
What is the greatest common factor of 4 and 46?
2
What is the highest common factor of 189 and 27?
27
Calculate the greatest common divisor of 1768 and 34.
34
What is the greatest common factor of 355 and 85?
5
Calculate the highest common factor of 99 and 2541.
33
Calculate the highest common factor of 13 and 416.
13
Calculate the highest common divisor of 155 and 496.
31
Calculate the greatest common divisor of 20 and 185.
5
What is the highest common divisor of 95 and 152?
19
Calculate the highest common factor of 2700 and 510.
30
Calculate the greatest common factor of 400 and 16.
16
What is the greatest common factor of 108 and 63?
9
What is the highest common divisor of 62 and 1457?
31
What is the greatest common divisor of 6 and 54?
6
What is the greatest common divisor of 39 and 741?
39
Calculate the highest common divisor of 2673 and 11.
11
What is the highest common divisor of 72 and 261?
9
Calculate the highest common divisor of 936 and 16.
8
Calculate the highest common divisor of 1456 and 560.
112
Calculate the highest common divisor of 51 and 17.
17
What is the highest common divisor